 (4 - 4). Let t = 100 - a. Let s(j) = 9*j + 4. Determine s(t).
-23
Let x(g) be the second derivative of g**3/6 - 2*g**2 - 3*g. Suppose 93 = 207*n - 791 - 151. Calculate x(n).
1
Let p(d) = d**3 - 7*d**2 - 18*d + 10. Let o be p(9). Suppose -o*v + 6 + 14 = 0. Let w(q) = q**2 - q. Determine w(v).
2
Let i(l) = -2*l**2 - l + 1. Let s(d) = -5*d**2 - 2*d + 7. Let v(u) = -i(u) + s(u). What is v(-4)?
-38
Let a = -146 + 148. Let m(p) = 2 + 18*p + 3 - 29*p. Let y(w) = 11*w - 6. Let j(c) = -7*m(c) - 6*y(c). Give j(a).
23
Let w(m) = 7*m + 6. Let n(v) = 9*v - 91. Let o be n(13). Let g be (-117)/o*8/6. What is w(g)?
-36
Let g(o) be the second derivative of -1/20*o**5 - 9*o - 1 + 2/3*o**4 - 1/2*o**2 + 1/6*o**3. Give g(8).
7
Let l(n) be the third derivative of n**5/30 - 23*n**4/24 + 8*n**3/3 + 22*n**2 + 1. Determine l(11).
5
Let n(b) = b**3 + 8*b**2 + 140*b + 926. Let a be n(-7). Let w(c) = 2*c**2 + 11*c + 12. What is w(a)?
7
Let q = 1 - 6. Let g = -419 - -410. Let p(i) = -5*i**2 - 2. Let v(k) = 23*k**2 + k + 8. Let t(u) = g*p(u) - 2*v(u). Calculate t(q).
-13
Let w(q) = 7*q**3 + 9*q**2 - 45*q - 4. Let h(o) = 13*o**3 + 17*o**2 - 84*o - 7. Let i(g) = -8*h(g) + 15*w(g). Determine i(4).
32
Suppose 3*i = 4*w - 1403, -5*w = -24*i + 21*i - 1756. Let d = -352 + w. Let m(n) = -5*n**3 - 2*n**2 + 2*n - 1. Give m(d).
-6
Suppose -2518 = -10*o + 22. Let q(t) = -t - o + 495 - 257. Determine q(0).
-16
Let f(t) = 17*t + 157. Let b(u) = -15*u - 138. Let q(p) = 4*b(p) + 3*f(p). Give q(-8).
-9
Let p be (-1 - -5)/1 + 4. Let i be (8/(-48)*p)/((-1)/3). Let k(m) = -6*m + 9 + m**2 - 4*m - 3 + 4*m. What is k(i)?
-2
Let d(w) = -w**3 - w**2. Let b(v) = -8*v**3 - 7*v**2 + 2*v. Suppose 4*s - 12 = 2*a, -s + 4 - 7 = a. Let f(y) = s*b(y) - 6*d(y). Calculate f(-2).
8
Let g = -296 + 298. Let x(m) = 0*m**2 - 1 - 17*m**3 + 2*m**g + m**2 - 2*m + 18*m**3. Calculate x(-2).
7
Let n(r) = -17*r**2 + 3*r - 3. Let k(b) = 30*b**2 - 7*b + 6. Let c(f) = -3*k(f) - 5*n(f). What is c(2)?
-11
Let h = 11 + -8. Let r(l) = -7*l**2 + 10*l - 4. Let g(d) = 13*d**2 - 19*d + 8. Let t(a) = 6*g(a) + 11*r(a). Let q be t(h). Let y(z) = 5*z**2 + 1. What is y(q)?
6
Let b(x) = x + 22. Suppose -5*t + 15 = 0, -4*f + 20 = 3*t - 125. Suppose f*o = 31*o. What is b(o)?
22
Let m(k) = -k**2 - k + 3. Let z be m(-3). Suppose -61 = -o + w - 5*w, 61 = o + 2*w. Let c(h) = -47*h**3 + o*h**3 - 3*h**2 - 15*h**3. Give c(z).
0
Let m(k) be the first derivative of 1/2*k**4 + 5*k + 17 + 4/3*k**3 + 2*k**2. Let z(b) = b**3 - b**2 + b + 1. Let f(u) = m(u) - z(u). What is f(-3)?
13
Let m(z) = 17*z**2 - 13*z - 34. Let s(v) = -13*v**2 + 10*v + 24. Let t(y) = 10*m(y) + 13*s(y). What is t(6)?
8
Let n = -101 - -53. Let k = -48 - n. Suppose k = -8*h + 59 - 3. Let p(t) = -t - 3. Determine p(h).
-10
Let t(a) = 194102 - 194054 + 13*a - 53*a. What is t(1)?
8
Let c(v) = -v + 13. Let o(h) = -33*h - 2693. Let n be o(-82). Calculate c(n).
0
Let v(q) be the second derivative of -q**4/8 - 5*q**3/2 + 127*q**2/2 - 7*q. Let y(u) be the first derivative of v(u). Determine y(-12).
21
Let n be 2/30*-32 + 5952/44640. Let p(h) = -5*h**3 + 3*h**2 - 8*h - 8. Let d(g) = 4*g**3 - 2*g**2 + 7*g + 7. Let v(w) = 6*d(w) + 5*p(w). Determine v(n).
18
Let w(s) be the second derivative of s**6/45 + s**5/120 - 65*s**4/12 - 46*s. Let c(j) be the third derivative of w(j). Determine c(2).
33
Let z(y) be the first derivative of y**4/12 + y**3/6 - y**2 + 4*y - 64. Let r(u) be the second derivative of z(u). Determine r(6).
13
Suppose 7*t - 74 = 5*t. Suppose -32 = 33*f - t*f. Let l(o) = -f - o**2 + 3 + 0*o**2 + 9. Give l(-3).
-5
Let w(j) be the second derivative of 1/2*j**4 - 3*j - 5/2*j**2 + 0*j**3 - 1 - 1/20*j**5. Give w(6).
-5
Suppose 89*z + 85 = 5*m + 88*z, -6*m - 4*z + 128 = 0. Let t(c) = 5*c - 8. Let s(o) = o + 1. Let q(w) = 4*s(w) - t(w). Calculate q(m).
-6
Let a(f) = 2 + f**2 + 4 + 7*f - 9*f. Suppose 0 = 3*u + 3*d - 18, -u = 5*d - 33 + 19. Give a(u).
14
Let n be (-4)/(9/9) - -1*7. Let b(g) = -5*g**2 + 0*g**2 + g + 4 + 2*g**3 - 2*g**3 + g**n. Give b(3).
-11
Let i(n) = 21*n**3 + 16*n**2 - 24*n + 123. Let k(q) = 5*q**3 - 2*q**2 - q - 1. Let m(h) = i(h) - 4*k(h). Calculate m(-25).
2
Let y(h) = -h**2 - 10*h. Suppose 4*k - 2*u + 42 = 0, -30*k + 32*k - 2*u = -22. Determine y(k).
0
Let p(q) be the first derivative of 3*q**2/2 + 55*q - 2375. Determine p(-18).
1
Let t(z) be the third derivative of z**6/180 - z**5/120 + z**4/12 - 19*z**3/6 - 3*z**2 + z. Let c(b) be the first derivative of t(b). Give c(-3).
23
Let i(s) = s**3 - 5*s**2 + 9*s - 8. Let g(w) = -50*w - 1796. Let h be g(-36). What is i(h)?
12
Let t = 7481 + -7484. Let a(b) = 6 + b - b + 8*b. Determine a(t).
-18
Let c(k) be the third derivative of k**6/120 - k**4/12 + k**3 - 39*k**2 + 2*k. Calculate c(2).
10
Let l(c) be the third derivative of 85*c**2 + 0*c**5 + 1/12*c**4 - 1/60*c**6 + 0*c + 0 + 1/6*c**3. What is l(-1)?
1
Let q = -11 + 15. Let m be 28 - (16 + -9 + 0). Let u(v) = -v**2 + m + 14 - 28 - q*v. Give u(-6).
-5
Let o = -247 - -261. Let f be 12/o*35/5. Let m(v) be the second derivative of v**5/20 - v**4/2 + v**3/2 - 4*v**2 + 2*v. Calculate m(f).
10
Let v(q) = q**3 - 6*q**2 + 6*q - 3. Suppose k + m - 291 = 0, -3*m + 149 = -5*k + 1620. Suppose -6*i = -k - 373. Let d = 116 - i. Give v(d).
2
Let k(f) = -20*f + 56*f - 2*f**2 - 26*f - 9. Suppose -9*b = 4*z - 4*b - 45, 5*b = 4*z + 5. Suppose -24 = m - z*m. Calculate k(m).
-21
Suppose -16 = 4*q + 312. Let c be (-11)/(-66) + q/(-12). Let u(y) = y**3 - 1 - 3*y**2 + 2 + c - 5. Give u(3).
3
Let p(v) = 4*v + 4*v**2 - 2 + 0 - 5*v**2. Let o(m) = 2*m**2 - 37*m - 124. Let c(d) = -20*d - 43. Let j be c(-2). Let a be o(j). Calculate p(a).
-7
Suppose 26*c + 104 + 479 + 15 = 0. Let y(i) = -i**3 - 24*i**2 - 21*i + 34. Determine y(c).
-12
Let h(j) = -47577*j + 47574*j + 0*j**2 - 11 + 3*j**2. Determine h(-2).
7
Let o = 5146 - 5114. Let h(f) = f**3 - 31*f**2 - 36*f + 130. Give h(o).
2
Let i(c) be the third derivative of 0*c - 1/3*c**3 + 0 - 95*c**2 + 1/4*c**4. Determine i(-2).
-14
Let m(n) = -4*n**3 - 13*n**2 - 2*n + 12. Let s(z) = 16*z**3 + 50*z**2 + 8*z - 46. Let b(f) = -19*m(f) - 5*s(f). Give b(3).
-139
Suppose 3*b + 2*s - 6 = 0, -4*b + 61*s = 63*s - 6. Let h(j) = -3 + j + j**2 + b*j - 1 - 2*j. What is h(3)?
2
Let y(m) = 11*m - 119. Let c = 22620 - 22608. What is y(c)?
13
Let j(u) be the first derivative of -53*u**2/2 - 311*u + 11865. Give j(-6).
7
Let p be (-10 - (-19 + 7))/(2/8). Suppose 4*y = p*y, 0 = -4*o - 3*y + 20. Let k(f) = f**3 - 4*f**2 - 7*f + 3. What is k(o)?
-7
Suppose m + 4 = 5. Let s be (1/1*m)/1. Let n(z) = s - 6*z + 4*z**3 - 5*z**2 - 9*z**3 + 2*z + 4*z**3. What is n(-4)?
1
Let f(o) = o**2 + 6*o - 10. Suppose 2*m + s + 64 = 3*s, -114 = 4*m + 3*s. Let v be (-405)/m*4/(-6). Give f(v).
17
Let q(d) = d**2 - 26*d - 231. Let x be q(-7). Let l(k) = -4*k - 19. Calculate l(x).
-19
Let r(l) = 22*l**2 - 36*l - 74. Let c(b) = 5*b**2 - 8*b - 18. Let j(v) = 9*c(v) - 2*r(v). Give j(4).
2
Let w(q) = -q**3 + q**2 - q - 1. Let n(y) = -7*y**3 + 20*y**2 - 7*y + 2. Let d(z) = -n(z) + 6*w(z). Let o be (-418)/(-30) + (-74)/(-1110). Give d(o).
6
Let f(x) = -x**3 + 6*x**2 - 7. Suppose 114 = 49*b - 86 - 45. Give f(b).
18
Suppose 5*i = -4*o - 4, 78*o + 4*i + 8 = 76*o. Let k(c) be the first derivative of 1/4*c**4 + 10/3*c**3 - 4*c - 12 + o*c**2. What is k(-9)?
5
Let b(w) = -9*w**2 - 2*w + 65. Let g(a) = 39*a**2 + 8*a - 262. Let p(f) = 9*b(f) + 2*g(f). What is p(0)?
61
Let h(l) = l**3 - 8*l**2 + l + 20. Let v = -3757 + 3765. Calculate h(v).
28
Let z(y) = -y**2 + y + 22. Let g = 193 - 183. Suppose g*j = -12*j + 7*j. What is z(j)?
22
Let f(a) = a**3 - 22*a**2 + 39*a + 27. Suppose -11*q - 9 = -229. Determine f(q).
7
Let w(n) = -42*n - 36 + 15 - n**2 + 4 + 43 + 58. Give w(-44).
-4
Let n(r) = -r**3 - 1 + 0 + 27*r**2 - 23*r**2 + r. Let h = -14 - -16. Determine n(h).
9
Let t(f) = -f**2 + 3. Let q = -40 + 44. Calculate t(q).
-13
Let v(u) = 85*u + 45. Let z(f) = 115*f + 45. Let o(i) = 4*v(i) - 3*z(i). Determine o(8).
5
Let y(v) be the second derivative of -v**4/4 + 8*v**3/3 + 11*v**2/2 + 2800*v. Calculate y(6).
-1
Let a(c) be the third derivative of c**6/360 + 7*c**5/60 - 5*c**4/12 + 25*c**3/3 + c**2 - 17*c. Let d(p) be the first derivative of a(p). Determine d(-12).
-34
Let n(h) = h**2 - 6*h - 5. Let q be n(6). Let y(p)